e 4?
10131101
What is 48c (base 16) in base 9?
1533
Convert 282 (base 10) to base 13.
189
What is -72 (base 15) in base 10?
-107
What is -44048 (base 10) in base 12?
-215a8
-962 (base 16) to base 8
-4542
What is 3304 (base 5) in base 16?
1c6
2014 (base 9) to base 8
2677
What is -42432 (base 5) in base 3?
-10221012
What is -275c (base 14) in base 3?
-100112010
27043 (base 11) to base 8
113366
Convert 11545 (base 8) to base 15.
1710
Convert -26051 (base 7) to base 12.
-3ba8
Convert 480 (base 9) to base 12.
290
-3044 (base 6) to base 16
-2a4
Convert -784 (base 14) to base 6.
-10520
135 (base 10) to base 16
87
Convert -46233 (base 9) to base 7.
-155553
12001112 (base 3) to base 8
7146
6221 (base 10) to base 2
1100001001101
Convert -1602 (base 9) to base 3.
-1200002
What is -3 (base 8) in base 2?
-11
Convert 1023 (base 5) to base 12.
b6
-2201112 (base 4) to base 16
-2856
What is -1507 (base 8) in base 13?
-4c7
What is 3b2 (base 12) in base 6?
2342
What is -1051 (base 13) in base 11?
-1778
d26 (base 14) to base 8
5026
Convert 10654 (base 7) to base 8.
5256
-23a (base 16) to base 10
-570
Convert -3a32 (base 14) to base 8.
-23774
Convert 11000 (base 3) to base 12.
90
Convert 1660 (base 12) to base 16.
a68
What is 708 (base 14) in base 3?
1220010
What is -44 (base 5) in base 15?
-19
-393 (base 11) to base 16
-1d1
Convert 27421 (base 8) to base 9.
17467
What is 2162 (base 9) in base 3?
2012002
521 (base 9) to base 8
650
Convert -2364 (base 8) to base 11.
-a53
Convert 2060 (base 10) to base 8.
4014
Convert 1145 (base 8) to base 11.
508
Convert -cc (base 15) to base 14.
-da
Convert 4123 (base 5) to base 6.
2254
What is 10010101 (base 2) in base 3?
12112
What is -1336 (base 8) in base 16?
-2de
Convert -10511 (base 8) to base 10.
-4425
What is 10830 (base 9) in base 10?
7236
Convert 410 (base 7) to base 9.
245
Convert -1030 (base 5) to base 7.
-260
What is 3b86 (base 15) in base 2?
11000110110110
What is -23303 (base 7) in base 14?
-2273
What is -3634 (base 8) in base 4?
-132130
What is 1022 (base 11) in base 2?
10101001011
2700 (base 12) to base 3
20010100
Convert 570d (base 15) to base 9.
27284
263 (base 14) to base 11
3a6
-582 (base 16) to base 4
-112002
Convert 1981 (base 14) to base 4.
1020031
Convert -2120 (base 4) to base 9.
-178
41b (base 13) to base 12
4a4
What is -10312 (base 4) in base 15?
-15a
-2755 (base 9) to base 11
-1617
Convert 267 (base 11) to base 8.
473
What is -c98 (base 15) in base 4?
-230123
What is 353463 (base 7) in base 14?
192da
Convert 10c (base 14) to base 4.
3100
-221000 (base 3) to base 2
-1010100011
What is 31155 (base 7) in base 3?
101110210
What is -3112001 (base 4) in base 15?
-40d2
Convert 230121 (base 4) to base 3.
10220020
What is -170a (base 13) in base 3?
-11122120
What is 224334 (base 6) in base 10?
19138
What is 151525 (base 7) in base 13?
10510
-1001000001110111 (base 2) to base 15
-ae58
Convert 52604 (base 7) to base 16.
32bd
What is -10111200 (base 3) in base 5?
-40211
-8558 (base 10) to base 3
-102201222
-221 (base 13) to base 8
-555
132211 (base 4) to base 10
1957
What is 1207 (base 13) in base 5?
40132
What is -111000110000011 (base 2) in base 5?
-1412214
Convert -112003 (base 4) to base 3.
-1221021
-1611 (base 9) to base 15
-56a
13cb1 (base 16) to base 14
2178d
-871 (base 13) to base 15
-664
Convert -575a (base 11) to base 14.
-2a87
Convert -1642a (base 12) to base 5.
-2003324
Convert 18406 (base 13) to base 12.
23117
What is -82ab (base 12) in base 10?
-14243
What is -201222221 (base 3) in base 5?
-431303
What is 2402 (base 9) in base 2?
11011111000
111000011 (base 2) to base 16
1c3
Convert 344c (base 14) to base 5.
242314
297 (base 13) to base 15
20c
864 (base 14) to base 11
1276
-312333 (base 6) to base 5
-1301220
What is 16433 (base 14) in base 12?
282a5
Convert -2131020 (base 4) to base 7.
-41214
2011221 (base 3) to base 10
1591
141125 (base 6) to base 10
13229
What is -8359 (base 13) in base 4?
-10123231
-19947 (base 10) to base 16
-4deb
Convert -10a46 (base 12) to base 13.
-a170
7265 (base 8) to base 13
1938
Convert -18 (base 12) to base 13.
-17
Convert 10000011 (base 2) to base 8.
203
2040104 (base 5) to base 7
200324
Convert 111110001101 (base 2) to base 5.
111411
-10550 (base 8) to base 6
-32344
Convert -1537 (base 11) to base 7.
-5522
Convert -4485 (base 12) to base 11.
-577a
Convert 2252 (base 6) to base 5.
4121
What is -10113 (base 6) in base 10?
-1341
-9e (base 15) to base 16
-95
What is -103 (base 9) in base 15?
-59
2524 (base 7) to base 10
949
2409 (base 10) to base 12
1489
5d0 (base 16) to base 11
1133
886 (base 10) to base 12
61a
3232232 (base 4) to base 15
47d8
What is -4113 (base 7) in base 9?
-1860
Convert -30031203 (base 4) to base 8.
-141543
21 (base 7) to base 13
12
150 (base 15) to base 13
1a1
Convert 2e (base 16) to base 6.
114
-148 (base 9) to base 16
-7d
536 (base 9) to base 11
369
What is 1eab (base 16) in base 2?
1111010101011
1111101111010 (base 2) to base 12
47b6
Convert 9847 (base 16) to base 8.
114107
-1410202 (base 6) to base 14
-20ba2
Convert -2213 (base 4) to base 6.
-435
Convert -90 (base 15) to base 10.
-135
Convert -75c (base 13) to base 11.
-a46
What is -1964 (base 14) in base 16?
-11f4
What is -130 (base 16) in base 12?
-214
What is 131d (base 14) in base 6?
23315
Convert 231b (base 16) to base 15.
29e2
Convert 102111021 (base 3) to base 5.
232002
Convert -a46 (base 16) to base 13.
-1274
What is 50133 (base 6) in base 14?
254d
20213112 (base 4) to base 8
104726
What is -1c16 (base 16) in base 4?
-1300112
What is -4bd3 (base 14) in base 4?
-3100011
What is -bc2c (base 14) in base 5?
-2020301
Convert -1020 (base 11) to base 8.
-2511
What is 290 (base 10) in base 6?
1202
6100 (base 7) to base 11
1646
Convert 11022000110 (base 3) to base 14.
22b72
What is 43400 (base 5) in base 16?
b9f
Convert -210110 (base 3) to base 13.
-357
Convert 4ce (base 15) to base 14.
582
What is -4d4 (base 14) in base 5?
-12340
What is -4a60 (base 12) in base 2?
-10000011101000
-45 (base 11) to base 7
-100
What is 10000111000101 (base 2) in base 9?
12765
580c (base 15) to base 7
105324
Convert -12021022 (base 3) to base 7.
-14126
22 (base 3) to base 12
8
Convert b84 (base 12) to base 2.
11010010100
Convert -767 (base 16) to base 7.
-5345
208dc (base 14) to base 11
5405a
Convert d9 (base 14) to base 11.
164
45300 (base 7) to base 12
6776
What is 25520 (base 6) in base 2?
111100011000
What is 12a5 (base 12) in base 3?
2221022
What is -33166 (base 7) in base 4?
-2002021
What is 11453 (base 9) in base 13?
3645
Convert 9c6 (base 16) to base 15.
b1c
Convert -4a9a (base 12) to base 14.
-3130
What is -2565 (base 7) in base 9?
-1306
-830 (base 10) to base 11
-695
Convert -a53 (base 11) to base 8.
-2364
10332 (base 6) to base 3
1221202
Convert -1001201100 (base 3) to base 7.
-115014
100010101001111 (base 2) to base 10
17743
Convert 63681 (base 9) to base 7.
233530
113 (base 4) to base 2
10111
What is 66500 (base 8) in base 12?
14228
1267 (base 12) to base 3
2212121
What is -3620 (base 7) in base 10?
-1337
What is 4a3 (base 12) in base 2?
1010111011
478 (base 12) to base 10
668
What is 22003 (base 4) in base 10?
643
What is -15598 (base 13) in base 14?
-10aa0
Convert -11123 (base 5) to base 14.
-404
Convert 523 (base 10) to base 2.
1000001011
Convert 1468 (base 13) to base 16.
b8f
-2342 (base 5) to base 9
-425
-2022212220 (base 3) to base 16
-b313
What is -23441 (base 7) in base 12?
-3608
Convert 640 (base 12) to base 11.
75a
Convert 42321 (base 7) to base 3.
112100010
-236 (base 11) to base 16
-119
-202002 (base 3) to base 5
-4132
What is 19b3 (base 12) in base 15?
e09
What is 3224 (base 5) in base 15?
1e4
-2556 (base 7) to base 13
-59a
What is -3012323 (base 4) in base 15?
-3b8b
37610 (base 9) to base 8
61301
What is 3532 (base 6) in base 11?
701
What is -bb6 (base 12) in base 9?
-2323
Convert 5350 (base 11) to base 10.
7073
-3c8 (base 15) to base 4
-31133
Convert -5358 (base 10) to base 5.
-132413
What is -1000001001011 (base 2) in base 11?
-3152
-808 (base 9) to base 12
-468
Convert -c709 (base 15) to base 4.
-22101210
Convert 25201 (base 6) to base 2.
111010100001
Convert 1543 (base 6) to base 15.
1d3
What is 10a9 (base 15) in base 6?
24210
33146 (base 7) to base 2
10000001111011
What is 114403 (